 + -16. Let o(a) = u*z(a) - 3*b(a). What is o(8)?
-12
Let i(u) = -u**3 + u + 1. Let x(t) = -t**3 + 12*t**2 - 2. Let n = -40 + 56. Let y be (1 + -5)*1 + n. Let k be x(y). Determine i(k).
7
Let i(o) = o**2 - 2*o. Let x(p) = -3*p**2 + 16*p + 3. Let g(h) = -h**2 + 5*h + 1. Let n(q) = 7*g(q) - 2*x(q). Let c(d) = -2*i(d) - 3*n(d). Determine c(6).
3
Suppose f - 5*r + 31 = 2*f, 2*f - 2*r = 2. Let h = 28 + -28. Suppose h = f*s - 3*s + 18. Let n(o) = -o**3 - 7*o**2 - 6*o. Calculate n(s).
0
Let b(h) = h + 3. Suppose 0 = 6*l - 2*l - 44. Let w = l - 11. Suppose -4*d = -3*y - 2*y + 5, -d - 4*y + 4 = w. Calculate b(d).
3
Let g(n) = -4 - 107*n - 112*n + 223*n. What is g(4)?
12
Let j = 882 + -873. Let w(g) = g**2 - 12*g - 12. Calculate w(j).
-39
Let r(b) = -b**2 - 8*b - 7. Let a be r(-7). Let y be (13 - 17) + a + -5. Let x(p) = -p**2 - 9*p + 1. What is x(y)?
1
Let y(a) = -3*a**3 - 5*a**2 - 3*a. Let i(d) = 4*d**3 + 5*d**2 + 3*d + 1. Let z(l) = 2*i(l) + 3*y(l). What is z(-4)?
-2
Let c(u) be the first derivative of -u**3 + 7*u**2/2 - 7*u - 518. Calculate c(5).
-47
Suppose 0 = -0*s - 5*s. Suppose 0 = -g - s*g + 6. Let c(w) = 6*w + 5*w - w - w**2 - 9 - 2*w. Give c(g).
3
Let f(g) = 4*g**2 + g - 4. Let j(b) = b**2 + b. Let v(k) = f(k) - 5*j(k). Determine v(-2).
0
Let g(t) = t**3 - 2*t**2 + 3*t - 3. Suppose 3436*r + 20 = 3446*r. Give g(r).
3
Suppose -4*t = -40 + 4. Let g(x) be the third derivative of x**4/24 - 4*x**3/3 + 2*x**2 + 52. Give g(t).
1
Let h(s) be the first derivative of -4*s**3/3 + 9*s**2/2 - 6*s - 222. Calculate h(4).
-34
Let n(s) be the third derivative of s**6/120 + s**5/5 - 4*s**3/3 - 80*s**2. What is n(-12)?
-8
Let w(p) = -p - 6. Suppose q + c - 7 = 0, -11 = 3*q - q - 3*c. Suppose -12 = 5*l - q*l, -2*a = -3*l. Determine w(a).
0
Let i(r) = -2*r - 21. Let z be 22/(2 - (-1)/(2/(-8))). Give i(z).
1
Let n(v) = v + 23. Let a be n(-27). Let k be 10/a - ((-1)/(-2) - 1). Let u(f) be the third derivative of -f**5/20 + f**4/24 + f**3/3 + f**2. What is u(k)?
-12
Let q(u) = -6*u**2 + 4 + 45*u**3 + 60*u - 44*u**3 - 55*u. Determine q(4).
-8
Let p(q) = -q**2 - 2*q + 3. Let d be (10/(-14) + 1)*(2 + 5). Suppose 3*x + 5 = 2*k + d*x, -5 = -5*x. Determine p(k).
-12
Let t = 803 - 799. Let z(p) = 7*p - 13. Give z(t).
15
Let p(x) = 3 - 26 - x + 27. Give p(-8).
12
Let z be (-3)/(4/16*-6). Suppose -36 = z*m - 0*m. Let r = m + 20. Let d(t) = t**2 - 3*t + 3. Calculate d(r).
1
Let r be 7/1 + 2 + -5. Let g(b) = r*b - 3*b - 3 + 11. What is g(0)?
8
Let v(o) = -1 - 10*o - 7 + 7. Let z = -9 - -9. Suppose -3*n + 3 = -z. What is v(n)?
-11
Let t(r) = 1 - 5 + 2*r + 2*r**2 - r**2. Let k be t(0). Let f(n) = n**3 + 4*n**2 - n + 3. Determine f(k).
7
Let p(y) = -y + 3544 - 7086 + 3539. Suppose -u - 4*x = -7, -2*u + 4*x = u + 27. Determine p(u).
2
Let d(p) be the first derivative of -p**2 - 9*p + 625. What is d(-4)?
-1
Let b be -1 + -3 + (-91)/(-21). Let h(i) be the first derivative of -2 + 3*i**2 + 3*i + b*i**3. Calculate h(-2).
-5
Let x(q) = -7*q**2 - 15*q + 2. Let r(u) = -20*u**2 - 43*u + 7. Let s(c) = 6*r(c) - 17*x(c). What is s(-6)?
-10
Let f(k) = -5*k - 14*k**3 - 3 - 2 - 5*k**3 + 34*k**3 - 16*k**3 + 6*k**2. What is f(5)?
-5
Let v(y) be the first derivative of -y**2/2 - 3*y + 16. Calculate v(8).
-11
Let u(d) be the second derivative of -d**4/12 + 2*d**3/3 + 4*d**2 + 2*d - 2. Let a be ((-2)/(-4) + 3)*2. Calculate u(a).
-13
Let c(q) = -q - 1. Let v = -14 - -18. Suppose -6*n = -2*n + v. Calculate c(n).
0
Suppose 13*o - 358 = -410. Let x(g) = -g**3 - 6*g**2 - 5*g - 8. Determine x(o).
-20
Suppose 3*c + 5*t + 39 = -1, 5*c + 3*t = -56. Suppose j + 3*s = 3, -3*j + 12 = 5*s + 3. Let b = j + c. Let h(f) = -f**3 - 6*f**2 + 9*f + 8. Determine h(b).
-6
Let i = 15 + -10. Suppose 4*l = i*m + 57, -4*m + 1 = l + 13. Suppose 4*r = c - l, 3*r + 3 + 3 = 3*c. Let v(t) = 2*t**2 + 2*t - 2. Give v(r).
2
Let d(b) = 5*b + 158 + 4*b**2 + 0*b - 152. What is d(-2)?
12
Let n(g) = 5 + 2*g**2 + 19*g**3 + g**2 - 10*g**3 - 10*g**3 - 12*g**2 - 7*g. What is n(-8)?
-3
Let j(w) = w**3 - 9*w**2 + 10*w - 7. Let s(b) = 5*b - 7. Let i be s(-5). Let k = i + 40. Calculate j(k).
9
Let w(j) = -j**3 - 8*j**2. Let o be w(-8). Suppose 19*x - 17*x + 2 = o. Let g(l) be the second derivative of -l**4/4 + l**3/6 + l**2/2 - l. Calculate g(x).
-3
Suppose -54*i = -66*i + 108. Let p(a) = -2*a**3 + 19*a**2 - 9*a + 8. What is p(i)?
8
Let b(m) = 1 + 6*m - 1. Let s(f) = f**3 + 4*f**2 + 3*f + 12. Let j be s(-4). Suppose 5*g = -3*q - 8, j = 4*g + 2 + 2. Calculate b(q).
-6
Let y(j) be the first derivative of -j**3/3 + 7*j**2/2 - 7*j - 81. What is y(4)?
5
Let n(s) = -s**2 + 13*s - 12. Let p(f) = -11*f - 68. Let h be p(-7). Calculate n(h).
24
Suppose -24*c + 45 + 3 = 0. Let h(s) = -5*s**2 + 4*s - 2. Calculate h(c).
-14
Suppose 9 + 6 = 5*o. Let h(r) = -33*r + 12. Let b(c) = -65*c + 24. Let g(x) = 2*b(x) - 5*h(x). Let j(a) = -6*a + 2. Let q(y) = -6*g(y) - 34*j(y). Give q(o).
-14
Let s(j) be the first derivative of 1/4*j**4 - 5/3*j**3 + j - 3*j**2 - 4. Calculate s(6).
1
Let u be (6/(-5))/((-9)/30). Let c(t) = -3*t**3 + u + t - 1 - 2 + t**2. Let z be (-10)/6 + (-2)/(-3). Give c(z).
4
Let m(p) = -33*p - 195. Let t be m(-6). Let d(q) be the second derivative of 1/3*q**3 + 1/12*q**4 - q + 1/2*q**2 + 0. Give d(t).
16
Let d(k) = -k**2 + 10*k - 1. Let w(z) = z**3 - 13*z**2 - 30*z + 7. Let s be w(15). Calculate d(s).
20
Let t(w) = 2*w + 23. Let q be t(-10). Let u(c) = -c**2 + 2. Let y be u(q). Let a(m) = m**3 + 8*m**2 + 8*m - 1. What is a(y)?
-8
Let d(a) = 4*a - 3. Let x be 4*(-2)/(-8) + 0. Let b = x - -2. Suppose 2*c - b = -5*o + 11, 3*o - 6 = 0. What is d(c)?
5
Let v(t) = 2*t**2 - 7*t + 9. Let p = 289 + -285. Calculate v(p).
13
Let b(u) = -20*u**3 - 15*u**2 - 26*u + 2. Let w(r) = 11*r**3 + 8*r**2 + 14*r - 1. Let m(g) = -6*b(g) - 11*w(g). Determine m(3).
-4
Let a = -921 - -923. Let y(r) be the third derivative of 4/3*r**3 + 0*r - 11*r**a + 0 - 1/60*r**5 + 1/24*r**4. Give y(0).
8
Let v be (-208)/(-728)*(-42)/(-4). Let p(b) be the second derivative of 1/2*b**2 - 2/3*b**v + 0 - 4*b - 1/20*b**5 - 1/3*b**4. Calculate p(-3).
4
Let b(l) = l**3 - 14*l**2 + l - 7. Let y be b(14). Let o(n) = -780*n**2 + 7 - 779*n**2 + 1560*n**2 - 9*n + 3. Calculate o(y).
-4
Let t(d) = d + 5. Let w be t(2). Let z(m) = -5*m**2 + 2*m**3 + w - 1 - m**3. Give z(5).
6
Let m(h) be the first derivative of h**4/4 + h**3/3 - 5*h**2 + 4*h - 660. What is m(3)?
10
Let h(d) = -11 + 14 - 2*d + d**3 + d**2 - d**2 - 2*d**2. Calculate h(3).
6
Let c = -47 - -50. Suppose 2 = -x + c. Let m(z) = 30*z. Determine m(x).
30
Let x = -13 + 15. Suppose -d - 1 = -2*m - 2, -17 = -m - 3*d. Let u(k) = -1 - k - k + 2*k**m + 0*k. Determine u(x).
3
Suppose 4*l + 5*z - 32 = 0, -z + 2*z - 10 = -2*l. Let n(m) = 3*m + 2*m**3 - 4*m - 10*m**l - 6*m**3 - 1. What is n(-1)?
14
Let w be 5 - (1/(-3) + 90/27). Let t(d) = 5*d**w + 2 - 2*d - d**3 + 2 + 3. Calculate t(5).
-3
Let t(u) be the third derivative of -u**6/60 - u**5/60 + u**4/24 - u**3/3 + 5*u**2. Let s(z) = z**3 + 11*z**2 + 11*z + 8. Let q be s(-10). Give t(q).
8
Let g(x) = 2*x**3 + 21*x**2 + 11*x + 14. Suppose 109*j - 130*j = 210. What is g(j)?
4
Let v(c) be the third derivative of -c**5/15 - c**4/24 + c**3/6 + 3*c**2. Suppose 3*a - 25 = -1. Suppose 4*x = a*x - 4. Calculate v(x).
-4
Let g(m) = 8*m + 6. Let d(l) = -7*l - 5. Let a(h) = -5*d(h) - 4*g(h). Let c(v) = 7*v - 3 + 7 - 2. Let p(t) = -13*a(t) + 6*c(t). Give p(-1).
-4
Let z(q) = -q**3 + 13*q**2 - 12*q + 4. Suppose 0*j - 3*j = -36. Let g be z(j). Let h(d) = 8 + 1 + g*d - 3*d - 1. What is h(-6)?
2
Let s(u) = 44*u**2 - 15*u + 7. Let t(a) = 22*a**2 - 6*a + 3. Let q(m) = 2*s(m) - 5*t(m). Give q(-1).
-23
Suppose 2*j = 0, -j = 4*m + m - 10. Let t(g) = -53*g**2 + 30*g**2 - 5 - m*g + 24*g**2. Suppose 2*z - 11 = -i, 0 = 2*z - 4*i - 3 - 3. What is t(z)?
10
Let t(y) be the first derivative of y**2 + 1 - 6*y - 7/6*y**3. Let z(b) be the first derivative of t(b). Determine z(2).
-12
Let d(h) = h**3 - 5*h**2 + h - 1. Let r be -6 - (-2 - 1 - -6). Let x = r - -14. What is d(x)?
4
Let j be (-84)/(-8)*16/56. Let s(d) = 5*d + 2. Let h(k) = -4*k - 1. Suppose -5*r + 5 = -6*r. Let b(f) = r*s(f) - 6*h(f). Give b(j).
-7
Let v(l) = l - l**3 + l + 3 + 5*l**2 + 5*l - 12*l. What is v(4)?
-1
Let y(u) = 5*u**2 + 16*u + 9. Let b be (4/3 + -6)/((-2)/(-